{"id":199,"date":"2015-05-14T16:10:22","date_gmt":"2015-05-14T16:10:22","guid":{"rendered":"http:\/\/test.imdialog.net\/wordpress\/?page_id=199"},"modified":"2022-11-02T20:18:30","modified_gmt":"2022-11-02T20:18:30","slug":"oeffnungszeiten","status":"publish","type":"page","link":"https:\/\/dr-meister-giannoules.de\/?page_id=199","title":{"rendered":"\u00d6ffnungszeiten \/ Termine"},"content":{"rendered":"<p style=\"text-align: left;\"><strong>Mo 08.00 \u2013 12.00 Uhr \/ 16.00 \u2013 18.00 Uhr<\/strong><br \/><strong>Di\u00a0 10.00 \u2013 12.00 Uhr \/ 14.00 \u2013 16.00 Uhr<\/strong><br \/><strong>Mi\u00a0 08.00 \u2013 12.00 Uhr \/ 16.00 \u2013 18.00 Uhr<\/strong><br \/><strong>Do 08.00 \u2013 12.00 Uhr \/ Nachmittag geschlossen<\/strong><br \/><strong>Fr\u00a0 10.00 \u2013 12.00 Uhr \/ 14.00 \u2013 16.00 Uhr<\/strong><br \/>Und nach Vereinbarung<\/p>\n<p>In Notf\u00e4llen erhalten Sie au\u00dferhalb dieser Zeiten weitere Informationen<br \/>\u00fcber unser Telefon 0 7071-72888<\/p>\n<p><strong>Blutabnahme t\u00e4glich von 7.30 &#8211; 9.00 Uhr<\/strong><\/p>\n<p><strong>Akutsprechstunde**<\/strong><br \/>t\u00e4glich 11.00 \u2013 12.00 Uhr<br \/>Mo 16.00 \u2013 16.30 Uhr, Di 14.00 \u2013 14.30 Uhr, Mi 17.00 \u2013 17.30 Uhr, Fr 14.00 \u2013 14.30 Uhr<\/p>\n<p><strong>F\u00fcr kurze Fragen\/Ausk\u00fcnfte gibt es eine \u00e4rztliche Telefonsprechstunde.<br \/><\/strong><strong>Telefonsprechstunde: nach Vereinbarung.<\/strong><\/p>\n<p>* Wir haben eine <strong>Terminsprechstunde<\/strong> und versuchen, m\u00f6glichst keine Wartezeiten aufkommen zu lassen. Bei Ihrer Terminanfrage nennen Sie uns bitte Ihr Anliegen, damit wir einen angemessenen Zeitraum f\u00fcr Sie bereitstellen k\u00f6nnen. Sollten Sie einen Termin nicht einhalten k\u00f6nnen, so teilen Sie uns dies bitte so fr\u00fch wie m\u00f6glich mit!<\/p>\n<p>** Zus\u00e4tzlich bieten wir Ihnen t\u00e4glich eine <strong>Akutsprechstunde<\/strong> an. F\u00fcr diese Sprechstunde wird kein fester Termin vereinbart, es geht der Reihe nach. Bitte haben Sie Verst\u00e4ndnis, dass sich die \u00c4rztin in dieser Zeit ausschlie\u00dflich um Ihr akutes Beschwerdebild k\u00fcmmern kann. F\u00fcr weitere Anliegen geben wir Ihnen gerne einen regul\u00e4ren Termin.<\/p>\n<p><strong>Lebensbedrohliche Notf\u00e4lle behandeln wir selbstverst\u00e4ndlich immer sofort!<\/strong><\/p>\n<p>\u00a0<\/p>\n\n\n<p><\/p>\n","protected":false},"excerpt":{"rendered":"<p>Mo 08.00 \u2013 12.00 Uhr \/ 16.00 \u2013 18.00 UhrDi\u00a0 10.00 \u2013 12.00 Uhr \/ 14.00 \u2013 16.00 UhrMi\u00a0 08.00 \u2013 12.00 Uhr \/ 16.00 \u2013 18.00 UhrDo 08.00 \u2013 12.00 Uhr \/ Nachmittag geschlossenFr\u00a0 10.00 \u2013 12.00 Uhr \/ &hellip; <a href=\"https:\/\/dr-meister-giannoules.de\/?page_id=199\">Weiterlesen <span class=\"meta-nav\">&rarr;<\/span><\/a><\/p>\n","protected":false},"author":1,"featured_media":538,"parent":195,"menu_order":1,"comment_status":"closed","ping_status":"closed","template":"sidebar-page.php","meta":[],"_links":{"self":[{"href":"https:\/\/dr-meister-giannoules.de\/index.php?rest_route=\/wp\/v2\/pages\/199"}],"collection":[{"href":"https:\/\/dr-meister-giannoules.de\/index.php?rest_route=\/wp\/v2\/pages"}],"about":[{"href":"https:\/\/dr-meister-giannoules.de\/index.php?rest_route=\/wp\/v2\/types\/page"}],"author":[{"embeddable":true,"href":"https:\/\/dr-meister-giannoules.de\/index.php?rest_route=\/wp\/v2\/users\/1"}],"replies":[{"embeddable":true,"href":"https:\/\/dr-meister-giannoules.de\/index.php?rest_route=%2Fwp%2Fv2%2Fcomments&post=199"}],"version-history":[{"count":14,"href":"https:\/\/dr-meister-giannoules.de\/index.php?rest_route=\/wp\/v2\/pages\/199\/revisions"}],"predecessor-version":[{"id":687,"href":"https:\/\/dr-meister-giannoules.de\/index.php?rest_route=\/wp\/v2\/pages\/199\/revisions\/687"}],"up":[{"embeddable":true,"href":"https:\/\/dr-meister-giannoules.de\/index.php?rest_route=\/wp\/v2\/pages\/195"}],"wp:featuredmedia":[{"embeddable":true,"href":"https:\/\/dr-meister-giannoules.de\/index.php?rest_route=\/wp\/v2\/media\/538"}],"wp:attachment":[{"href":"https:\/\/dr-meister-giannoules.de\/index.php?rest_route=%2Fwp%2Fv2%2Fmedia&parent=199"}],"curies":[{"name":"wp","href":"https:\/\/api.w.org\/{rel}","templated":true}]}}