{"id":201,"date":"2015-05-14T16:11:31","date_gmt":"2015-05-14T16:11:31","guid":{"rendered":"http:\/\/test.imdialog.net\/wordpress\/?page_id=201"},"modified":"2016-03-30T20:24:00","modified_gmt":"2016-03-30T20:24:00","slug":"hausbesuche-rezepte-labor-befunde-ueberweisungen","status":"publish","type":"page","link":"https:\/\/dr-meister-giannoules.de\/?page_id=201","title":{"rendered":"Hausbesuche \/ Rezepte \/ Labor \/ Befunde \/ \u00dcberweisungen"},"content":{"rendered":"<p><strong>Hausbesuche<br \/>\n<\/strong>Falls ein Krankheitsverlauf einen Hausbesuch notwendig macht, rufen Sie bitte m\u00f6glichst zeitnah in der Praxis an. Wiederholungshausbesuche f\u00fchren wir im abgesprochenen Rhythmus, in der Regel mit vorheriger telefonischer Absprache durch.<\/p>\n<p><strong>Rezepte<\/strong><br \/>\nBitte haben Sie Verst\u00e4ndnis daf\u00fcr, dass manche Medikamente von anderen Fach\u00e4rzten verordnet werden m\u00fcssen (z.B. Neurologe, Psychiater, Rheumatologe etc.).<\/p>\n<p><strong>Laboruntersuchungen<\/strong><br \/>\nBlutentnahmen werden in der Regel n\u00fcchtern, zwischen 7.30-9.00 Uhr nach Terminabsprache durchgef\u00fchrt.<\/p>\n<p><strong>Befunde<\/strong><br \/>\nIn der Regel ist es sinnvoll f\u00fcr Laborbefunde oder andere \u00e4rztliche Berichte einen Termin in der Sprechstunde zu vereinbaren.<\/p>\n<p><strong>\u00dcberweisungen<\/strong><br \/>\n\u00dcberweisungen sollten Sie sich von uns geben lassen, wenn Sie einen anderen Facharzt aufsuchen m\u00f6chten. Nur so bekommen wir einen Bericht.<\/p>\n<p><strong>\u00a0<\/strong><\/p>\n","protected":false},"excerpt":{"rendered":"<p>Hausbesuche Falls ein Krankheitsverlauf einen Hausbesuch notwendig macht, rufen Sie bitte m\u00f6glichst zeitnah in der Praxis an. Wiederholungshausbesuche f\u00fchren wir im abgesprochenen Rhythmus, in der Regel mit vorheriger telefonischer Absprache durch. Rezepte Bitte haben Sie Verst\u00e4ndnis daf\u00fcr, dass manche Medikamente &hellip; <a href=\"https:\/\/dr-meister-giannoules.de\/?page_id=201\">Weiterlesen <span class=\"meta-nav\">&rarr;<\/span><\/a><\/p>\n","protected":false},"author":1,"featured_media":533,"parent":195,"menu_order":2,"comment_status":"closed","ping_status":"closed","template":"sidebar-page.php","meta":[],"_links":{"self":[{"href":"https:\/\/dr-meister-giannoules.de\/index.php?rest_route=\/wp\/v2\/pages\/201"}],"collection":[{"href":"https:\/\/dr-meister-giannoules.de\/index.php?rest_route=\/wp\/v2\/pages"}],"about":[{"href":"https:\/\/dr-meister-giannoules.de\/index.php?rest_route=\/wp\/v2\/types\/page"}],"author":[{"embeddable":true,"href":"https:\/\/dr-meister-giannoules.de\/index.php?rest_route=\/wp\/v2\/users\/1"}],"replies":[{"embeddable":true,"href":"https:\/\/dr-meister-giannoules.de\/index.php?rest_route=%2Fwp%2Fv2%2Fcomments&post=201"}],"version-history":[{"count":1,"href":"https:\/\/dr-meister-giannoules.de\/index.php?rest_route=\/wp\/v2\/pages\/201\/revisions"}],"predecessor-version":[{"id":534,"href":"https:\/\/dr-meister-giannoules.de\/index.php?rest_route=\/wp\/v2\/pages\/201\/revisions\/534"}],"up":[{"embeddable":true,"href":"https:\/\/dr-meister-giannoules.de\/index.php?rest_route=\/wp\/v2\/pages\/195"}],"wp:featuredmedia":[{"embeddable":true,"href":"https:\/\/dr-meister-giannoules.de\/index.php?rest_route=\/wp\/v2\/media\/533"}],"wp:attachment":[{"href":"https:\/\/dr-meister-giannoules.de\/index.php?rest_route=%2Fwp%2Fv2%2Fmedia&parent=201"}],"curies":[{"name":"wp","href":"https:\/\/api.w.org\/{rel}","templated":true}]}}