{"id":376,"date":"2015-09-28T13:42:17","date_gmt":"2015-09-28T13:42:17","guid":{"rendered":"http:\/\/test.imdialog.net\/wordpress\/?page_id=376"},"modified":"2016-03-30T20:25:15","modified_gmt":"2016-03-30T20:25:15","slug":"zu-meinem-beruflichen-werdegang","status":"publish","type":"page","link":"https:\/\/dr-meister-giannoules.de\/?page_id=376","title":{"rendered":"Dr. med. Jeannette Meister-Giannoules"},"content":{"rendered":"<p><strong>Dr. med. Jeannette Meister-Giannoules<\/strong><br \/>\nFach\u00e4rztin f\u00fcr Allgemeinmedizin<br \/>\nHaus\u00e4rztin | Naturheilverfahren<br \/>\nAkupunktur | Manuelle Medizin \/ Chirotherapie | Professional Alllied Kinesiology<\/p>\n<p><strong>Studium der Humanmedizin<\/strong><\/p>\n<p>\u2022 Zwei Jahre bis zum Physikum in Rum\u00e4nien \/ Bukarest (mit vorgeschaltetem Sprachjahr)<br \/>\n\u2022 Fortf\u00fchrung des Medizinstudiums in T\u00fcbingen bis zum Abschluss<br \/>\n\u2022 Doktorarbeit zum Thema: \u201eDer H2 Atemtest bei S\u00e4uglingen und Kleinkindern mit Gastroenteritis\u201c bei Professor Dr. med. Stern in der Kinderklinik T\u00fcbingen.<\/p>\n<p><strong>Weiterbildung zur Fach\u00e4rztin f\u00fcr Allgemeinmedizin<\/strong><br \/>\n\u2022 1.5 Jahre Allgemeinchirurgie in der Filderklinik in Filderstadt<br \/>\n\u2022 2 Jahre Innere Medizin im Kreiskrankenhaus Herrenberg<br \/>\n\u2022 2 Jahre als Ausbildungsassistentin in der Gemeinschaftspraxis Dres. B\u00fcrkle und Heckmann in T\u00fcbingen<\/p>\n<p><strong>Zus\u00e4tzliche Weiterbildungen<\/strong><br \/>\n\u2022 Fachkunde Notfallmedizin (\u00fcber 2 Jahre regelm\u00e4\u00dfige T\u00e4tigkeit als Not\u00e4rztin)<br \/>\n\u2022 Akupunktur (bei der Deutschen \u00c4rztegesellschaft f\u00fcr Akupunktur = D\u00c4GfA)<br \/>\n\u2022 Psychosomatische Grundversorgung (Weiterbildung der \u00c4rztekammer)<br \/>\n\u2022 Naturheilverfahren (in Freudenstadt)<br \/>\n\u2022 Professional Applied Kinesiology<br \/>\n(bei der Deutschen \u00c4rztegesellschaft f\u00fcr Applied Kinesiology = D\u00c4GAK)<br \/>\n\u2022 Manuelle Medizin\/Chirotherapie<br \/>\n(bei der Deutschen Gesellschaft f\u00fcr Manuelle Medizin = MWE)<br \/>\n\u2022 Kinesiotaping (nach dem MTC Konzept)<br \/>\n\u2022 Biologische Krebsmedizin (in Heidelberg und Rechenberg)<\/p>\n<p><strong>Niederlassung als Fach\u00e4rztin f\u00fcr Allgemeinmedizin<\/strong><br \/>\n\u2022 8 Jahre in einer Gemeinschaftspraxis in Ofterdingen<br \/>\n\u2022 Seit 01.04.2012 in der jetzigen Praxis in T\u00fcbingen<\/p>\n","protected":false},"excerpt":{"rendered":"<p>Dr. med. Jeannette Meister-Giannoules Fach\u00e4rztin f\u00fcr Allgemeinmedizin Haus\u00e4rztin | Naturheilverfahren Akupunktur | Manuelle Medizin \/ Chirotherapie | Professional Alllied Kinesiology Studium der Humanmedizin \u2022 Zwei Jahre bis zum Physikum in Rum\u00e4nien \/ Bukarest (mit vorgeschaltetem Sprachjahr) \u2022 Fortf\u00fchrung des Medizinstudiums &hellip; <a href=\"https:\/\/dr-meister-giannoules.de\/?page_id=376\">Weiterlesen <span class=\"meta-nav\">&rarr;<\/span><\/a><\/p>\n","protected":false},"author":1,"featured_media":510,"parent":220,"menu_order":0,"comment_status":"closed","ping_status":"closed","template":"sidebar-page.php","meta":[],"_links":{"self":[{"href":"https:\/\/dr-meister-giannoules.de\/index.php?rest_route=\/wp\/v2\/pages\/376"}],"collection":[{"href":"https:\/\/dr-meister-giannoules.de\/index.php?rest_route=\/wp\/v2\/pages"}],"about":[{"href":"https:\/\/dr-meister-giannoules.de\/index.php?rest_route=\/wp\/v2\/types\/page"}],"author":[{"embeddable":true,"href":"https:\/\/dr-meister-giannoules.de\/index.php?rest_route=\/wp\/v2\/users\/1"}],"replies":[{"embeddable":true,"href":"https:\/\/dr-meister-giannoules.de\/index.php?rest_route=%2Fwp%2Fv2%2Fcomments&post=376"}],"version-history":[{"count":1,"href":"https:\/\/dr-meister-giannoules.de\/index.php?rest_route=\/wp\/v2\/pages\/376\/revisions"}],"predecessor-version":[{"id":535,"href":"https:\/\/dr-meister-giannoules.de\/index.php?rest_route=\/wp\/v2\/pages\/376\/revisions\/535"}],"up":[{"embeddable":true,"href":"https:\/\/dr-meister-giannoules.de\/index.php?rest_route=\/wp\/v2\/pages\/220"}],"wp:featuredmedia":[{"embeddable":true,"href":"https:\/\/dr-meister-giannoules.de\/index.php?rest_route=\/wp\/v2\/media\/510"}],"wp:attachment":[{"href":"https:\/\/dr-meister-giannoules.de\/index.php?rest_route=%2Fwp%2Fv2%2Fmedia&parent=376"}],"curies":[{"name":"wp","href":"https:\/\/api.w.org\/{rel}","templated":true}]}}